{"id":951,"date":"2017-07-25T21:38:23","date_gmt":"2017-07-26T00:38:23","guid":{"rendered":"http:\/\/www.herbertfx.com\/?post_type=product&#038;p=951"},"modified":"2025-07-01T21:52:46","modified_gmt":"2025-07-02T00:52:46","slug":"adaptador-g25g27dfgtdfpromomo-p-ps4-s-lag-c-feedback","status":"publish","type":"product","link":"https:\/\/herbertfx.com\/?product=adaptador-g25g27dfgtdfpromomo-p-ps4-s-lag-c-feedback","title":{"rendered":"Adaptador G25\/G27\/G920\/DFGT\/DFPRO\/MOMO Ps4 Sem Lag \/ Com Feedback 100%"},"content":{"rendered":"<p style=\"text-align: center;\"><span style=\"font-size: x-large; font-family: verdana, geneva;\"><b style=\"mso-bidi-font-weight: normal;\"><span style=\"line-height: 107%; color: red;\">HF ADAPTER PARA PS4<\/span><\/b><\/span><\/p>\n<p style=\"text-align: center;\"><span style=\"font-size: x-large; font-family: verdana, geneva; color: #333399;\"><b style=\"mso-bidi-font-weight: normal;\"><span style=\"line-height: 107%;\">JOGUE COM SEU:<br \/>\n<\/span><\/b><\/span><b style=\"mso-bidi-font-weight: normal;\"><span style=\"line-height: 107%; color: #ffc000;\"><br \/>\n<\/span><\/b><span style=\"font-size: x-large; font-family: verdana, geneva;\"><b style=\"mso-bidi-font-weight: normal;\"><span style=\"line-height: 107%; color: #ffc000;\"><b>LOGITECH G27<br \/>\n<\/b><\/span><\/b><\/span><span style=\"font-size: x-large; font-family: verdana, geneva;\"><b style=\"mso-bidi-font-weight: normal;\"><span style=\"line-height: 107%; color: #ffc000;\"><b>LOGITECH G25<br \/>\n<strong>LOGITECH G920<\/strong><br \/>\n<\/b><\/span><\/b><\/span><span style=\"font-size: x-large; font-family: verdana, geneva;\"><b style=\"mso-bidi-font-weight: normal;\"><span style=\"line-height: 107%; color: #ffc000;\">LOGITECH DF GT<br \/>\n<\/span><\/b><\/span><span style=\"font-size: x-large; font-family: verdana, geneva;\"><b style=\"mso-bidi-font-weight: normal;\"><span style=\"line-height: 107%; color: #ffc000;\">LOGITECH DF PRO<br \/>\n<\/span><\/b><\/span><span style=\"font-size: x-large; font-family: verdana, geneva;\"><b style=\"mso-bidi-font-weight: normal;\"><span style=\"line-height: 107%; color: #ffc000;\">MOMO FORCE<br \/>\n<\/span><\/b><\/span><span style=\"font-size: x-large; font-family: verdana, geneva;\"><b style=\"mso-bidi-font-weight: normal;\"><span style=\"line-height: 107%; color: #ffc000;\">MOMO RACING<\/span><\/b><\/span><\/p>\n<p style=\"text-align: center;\"><span style=\"font-size: x-large; font-family: verdana, geneva; color: #808080;\"><b style=\"mso-bidi-font-weight: normal;\"><span style=\"line-height: 107%;\">&lt;&lt;&lt;&lt;NO SEU PS4&gt;&gt;&gt;&gt;<\/span><\/b><\/span><\/p>\n<p style=\"text-align: center;\"><span style=\"font-size: x-large; font-family: verdana, geneva;\"><b style=\"mso-bidi-font-weight: normal;\"><span style=\"line-height: 107%; color: #00b050;\">N\u00c3O POSSUI LAG \/ FORCE FEEDBACK 100% FUNCIONANDO<\/span><\/b><\/span><\/p>\n<p style=\"text-align: center;\"><span style=\"font-size: x-large; font-family: verdana, geneva;\"><b style=\"mso-bidi-font-weight: normal;\"><span style=\"line-height: 107%;\">N\u00c3O REQUER CONFIGURA\u00c7\u00c3O F\u00cdSICA\/<\/span><\/b><\/span><\/p>\n<p style=\"text-align: center;\"><span style=\"font-size: x-large; font-family: verdana, geneva;\"><b style=\"mso-bidi-font-weight: normal;\"><span style=\"line-height: 107%; color: #203864;\">NECESS\u00c1RIO COMPUTADOR COM SISTEMA OPERACIONAL WINDOWS 7, 8, 10 OU LINUX (UBUNTU)<\/span><\/b><\/span><\/p>\n<p style=\"text-align: center;\"><span style=\"font-size: x-large; font-family: verdana, geneva;\"><b style=\"mso-bidi-font-weight: normal;\"><span style=\"line-height: 107%; color: #404040;\">O MELHOR CUSTO BENEFICIO DO MERCADO!<\/span><\/b><\/span><\/p>\n<p style=\"text-align: center;\"><b style=\"mso-bidi-font-weight: normal;\"><span style=\"font-size: 14.0pt; line-height: 107%; color: #7030a0;\"><span style=\"font-size: x-large; font-family: verdana, geneva;\">DUVIDAS ESTOU \u00c0 DISPOSI\u00c7\u00c3O!!<\/span><\/span><\/b><\/p>\n<p style=\"text-align: center;\"><b style=\"mso-bidi-font-weight: normal;\"><span style=\"font-size: 14.0pt; line-height: 107%; color: #7030a0;\"><span style=\"font-size: x-large; font-family: verdana, geneva;\">INCLUI MANUAL E V\u00cdDEO EM DOWNLOAD<\/span><\/span><\/b><\/p>\n<p style=\"text-align: center;\"><b style=\"mso-bidi-font-weight: normal;\"><span style=\"font-size: 14.0pt; line-height: 107%; color: #7030a0;\"><span style=\"font-size: x-large; font-family: verdana, geneva;\">SUPORTE VIA WHATS OU SKYPE<br \/>\n<\/span><\/span><\/b><\/p>\n","protected":false},"excerpt":{"rendered":"<p>HF ADAPTER PARA PS4 JOGUE COM SEU: LOGITECH G27 LOGITECH G25 LOGITECH G920 LOGITECH DF GT LOGITECH DF PRO MOMO FORCE MOMO RACING &lt;&lt;&lt;&lt;NO SEU PS4&gt;&gt;&gt;&gt; N\u00c3O POSSUI LAG \/<a href=\"https:\/\/herbertfx.com\/?product=adaptador-g25g27dfgtdfpromomo-p-ps4-s-lag-c-feedback\" class=\"more-link\"><span class=\"more-button\">Continue reading<span class=\"screen-reader-text\">Adaptador G25\/G27\/G920\/DFGT\/DFPRO\/MOMO Ps4 Sem Lag \/ Com Feedback 100%<\/span><\/span><\/a><\/p>\n","protected":false},"featured_media":1156,"comment_status":"open","ping_status":"closed","template":"","meta":[],"product_brand":[],"product_cat":[34],"product_tag":[],"class_list":{"0":"post-951","1":"product","2":"type-product","3":"status-publish","4":"has-post-thumbnail","6":"product_cat-sem-categoria","8":"first","9":"instock","10":"taxable","11":"shipping-taxable","12":"purchasable","13":"product-type-simple"},"wppr_data":{"cwp_meta_box_check":"No"},"_links":{"self":[{"href":"https:\/\/herbertfx.com\/index.php?rest_route=\/wp\/v2\/product\/951","targetHints":{"allow":["GET"]}}],"collection":[{"href":"https:\/\/herbertfx.com\/index.php?rest_route=\/wp\/v2\/product"}],"about":[{"href":"https:\/\/herbertfx.com\/index.php?rest_route=\/wp\/v2\/types\/product"}],"replies":[{"embeddable":true,"href":"https:\/\/herbertfx.com\/index.php?rest_route=%2Fwp%2Fv2%2Fcomments&post=951"}],"wp:featuredmedia":[{"embeddable":true,"href":"https:\/\/herbertfx.com\/index.php?rest_route=\/wp\/v2\/media\/1156"}],"wp:attachment":[{"href":"https:\/\/herbertfx.com\/index.php?rest_route=%2Fwp%2Fv2%2Fmedia&parent=951"}],"wp:term":[{"taxonomy":"product_brand","embeddable":true,"href":"https:\/\/herbertfx.com\/index.php?rest_route=%2Fwp%2Fv2%2Fproduct_brand&post=951"},{"taxonomy":"product_cat","embeddable":true,"href":"https:\/\/herbertfx.com\/index.php?rest_route=%2Fwp%2Fv2%2Fproduct_cat&post=951"},{"taxonomy":"product_tag","embeddable":true,"href":"https:\/\/herbertfx.com\/index.php?rest_route=%2Fwp%2Fv2%2Fproduct_tag&post=951"}],"curies":[{"name":"wp","href":"https:\/\/api.w.org\/{rel}","templated":true}]}}